omposite number?
True
Is 78661 composite?
True
Is 1262753 composite?
False
Is 13863 a prime number?
False
Is 1814453 composite?
False
Is 29101 composite?
False
Is 144295 prime?
False
Is 269167 composite?
False
Is 10223 a composite number?
False
Is 3223 prime?
False
Is 162211 composite?
True
Is 10369 prime?
True
Is 9097 a composite number?
True
Is 5557 a prime number?
True
Is 1817 prime?
False
Is 3541 a composite number?
False
Is 1112381 composite?
False
Is 301309 prime?
False
Is 16183 a prime number?
True
Is 230137 a composite number?
False
Is 473545 a composite number?
True
Is 51581 composite?
False
Is 492991 a composite number?
True
Is 24889 a composite number?
False
Is 577 a composite number?
False
Is 328021 a composite number?
True
Is 3959 a composite number?
True
Is 92237 a prime number?
True
Is 38527 a composite number?
True
Is 20353 a composite number?
False
Is 3557 a prime number?
True
Is 20717 composite?
False
Is 41155 a prime number?
False
Is 24571 a composite number?
False
Is 151337 a prime number?
True
Is 50905 prime?
False
Is 5209 a composite number?
False
Is 1282091 a prime number?
False
Is 2579 prime?
True
Is 2681 a prime number?
False
Is 293599 a prime number?
True
Is 2490809 a composite number?
False
Is 2923 a composite number?
True
Is 42949 composite?
True
Is 136295 composite?
True
Is 4049 a prime number?
True
Is 12143 a prime number?
True
Is 111887 a composite number?
True
Is 6898 prime?
False
Is 126851 a composite number?
False
Is 2819 prime?
True
Is 62761 composite?
False
Is 5353 prime?
False
Is 128099 prime?
True
Is 25031 a prime number?
True
Is 75307 a prime number?
True
Is 1777 a prime number?
True
Is 227081 a composite number?
False
Is 83253 composite?
True
Is 510481 composite?
False
Is 31547 prime?
True
Is 23357 composite?
False
Is 99689 composite?
False
Is 8941 a prime number?
True
Is 48497 composite?
False
Is 6163 a composite number?
False
Is 7477 a prime number?
True
Is 139394 composite?
True
Is 53509 composite?
True
Is 5071 prime?
False
Is 2885 a prime number?
False
Is 44413 a prime number?
False
Is 7823 prime?
True
Is 60482 prime?
False
Is 16106 composite?
True
Is 203447 composite?
True
Is 540119 prime?
True
Is 1865843 prime?
False
Is 147563 a prime number?
False
Is 26419 composite?
True
Is 33571 a prime number?
False
Is 27161 composite?
True
Is 251 a prime number?
True
Is 39257 prime?
False
Is 883577 prime?
True
Is 5249 a composite number?
True
Is 130069 a composite number?
False
Is 1727 a composite number?
True
Is 42623 a composite number?
True
Is 5381 prime?
True
Is 198619 a prime number?
False
Is 26293 prime?
True
Is 84358 a composite number?
True
Is 285823 composite?
False
Is 12563 prime?
False
Is 510931 a composite number?
False
Is 19853 a composite number?
False
Is 54719 a composite number?
True
Is 435911 a composite number?
True
Is 212063 a composite number?
True
Is 60851 composite?
True
Is 567937 a prime number?
True
Is 61027 a composite number?
False
Is 2237 a composite number?
False
Is 212791 a composite number?
False
Is 6887 a prime number?
False
Is 36323 a composite number?
True
Is 618319 prime?
False
Is 415 a composite number?
True
Is 79351 a prime number?
False
Is 3078833 a composite number?
False
Is 2815 prime?
False
Is 1030765 composite?
True
Is 99707 a prime number?
True
Is 6947 a composite number?
False
Is 83117 a prime number?
True
Is 21817 a composite number?
False
Is 25391 composite?
False
Is 135231 a composite number?
True
Is 5273 a composite number?
False
Is 303139 prime?
True
Is 1955095 composite?
True
Is 31307 a composite number?
False
Is 145771 a composite number?
False
Is 191951 prime?
False
Is 17337 prime?
False
Is 390953 a composite number?
False
Is 5749 prime?
True
Is 979603 a prime number?
False
Is 46174 prime?
False
Is 96377 a composite number?
False
Is 12373 a prime number?
True
Is 229727 composite?
False
Is 1507 a prime number?
False
Is 347 composite?
False
Is 481853 prime?
False
Is 4286005 a composite number?
True
Is 19555 composite?
True
Is 287791 a prime number?
False
Is 1337 composite?
True
Is 12659 a composite number?
False
Is 51581 a prime number?
True
Is 479419 a prime number?
True
Is 8939 composite?
True
Is 193699 prime?
False
Is 38579 a prime number?
False
Is 132469 a prime number?
True
Is 109555 composite?
True
Is 72687 prime?
False
Is 98699 a composite number?
True
Is 4193 a composite number?
True
Is 1346 composite?
True
Is 120349 prime?
True
Is 3017 composite?
True
Is 55957 a prime number?
False
Is 750089 prime?
False
Is 77761 a composite number?
False
Is 29039 a composite number?
True
Is 252085 a composite number?
True
Is 857309 a composite number?
False
Is 4327 a prime number?
True
Is 34757 composite?
False
Is 980293 a prime number?
True
Is 275134 a composite number?
True
Is 194237 a prime number?
False
Is 211 a prime number?
True
Is 28343 composite?
True
Is 32569 a composite number?
False
Is 36767 prime?
True
Is 73697 a prime number?
False
Is 3389 a composite number?
False
Is 329027 prime?
True
Is 83689 prime?
True
Is 177491 prime?
False
Is 282401 a composite number?
True
Is 6319 a prime number?
False
Is 1541009 a prime number?
True
Is 75343 a composite number?
True
Is 4703 prime?
True
Is 17257 a prime number?
True
Is 450469 composite?
True
Is 10913 prime?
False
Is 36599 a prime number?
True
Is 158951 composite?
True
Is 58431 a composite number?
True
Is 7241 a composite number?
True
Is 10973 a composite number?
False
Is 154787 a composite number?
False
Is 8033 a composite number?
True
Is 4597 a prime number?
True
Is 41555 composite?
True
Is 841331 a composite number?
True
Is 5473 prime?
False
Is 13523 a prime number?
True
Is 31561 prime?
False
Is 1657 a prime number?
True
Is 12589 a prime number?
True
Is 198547 a composite number?
True
Is 7867 a composite number?
False
Is 7069 composite?
False
Is 55889 prime?
True
Is 15401 a prime number?
True
Is 4681 a composite number?
True
Is 7621 prime?
True
Is 2062747 a prime number?
True
Is 679011 composite?
True
Is 132329 a composite number?
False
Is 28289 composite?
False
Is 1571093 prime?
True
Is 34179 a prime number?
False
Is 141133 prime?
False
Is 44881 a composite number?
True
Is 593053 prime?
False
Is 8663 prime?
True
Is 121117 composite?
True
Is 18589 prime?
False
Is 63241 prime?
True
Is 112718 composite?
True
Is 225539 a prime number?
False
Is 376889 prime?
True
Is 37667 composite?
True
Is 21469 prime?
False
Is 152249 composite?
False
Is 92609 a prime number?
False
Is 805153 prime?
True
Is 44351 a composite number?
False
Is 14513 a prime number?
False
Is 60349 a composite number?
True
Is 216679 a composite number?
False
Is 200555 prime?
False
Is 246193 prime?
True
Is 5469 prime?
False
Is 99217 composite?
True
Is 21247 a prime number?
True
Is 317887 a prime number?
True
Is 12605 prime?
False
Is 5557 composite?
False
Is 1737269 a prime number?
True
Is 2609 a composite number?
False
Is 93491 composite?
False
Is 233069 prime?
True
Is 72139 a prime number?
True
Is 8197 composite?
True
Is 89191 prime?
False
Is 1621 a prime number?
True
Is 29917 a prime number?
True
Is 18661 composite?
False
Is 16255 prime?
False
Is 128966 a composite number?
True
Is 21259 a composite number?
True
Is 155653 composite?
False
Is 1511779 a composite number?
False
Is 1399 a prime number?
True
Is 1514 prime?
False
Is 2019 a prime number?
False
Is 131203 composite?
False
Is 647 prime?
True
Is 26099 prime?
True
Is 947 prime?
True
Is 761437 composite?
False
Is 174311 a composite number?
False
Is 17291 composite?
False
Is 84049 prime?
False
Is 352969 a composite number?
True
Is 8035 prime?
False
Is 11545 composite?
True
Is 321106 prime?
False
Is 929 composite?
False
Is 168695 prime?
False
Is 3337 a composite number?
True
Is 35311 a prime number?
True
Is 24935 a composite number?
True
Is 54857 a composite number?
True
Is 4963 composite?
True
Is 48553 composite?
True
Is 76417 a prime number?
False
Is 42321 prime?
False
Is 28761 a composite number?
True
Is 201421 a prime number?
False
Is 82886 a composite number?
True
Is 198409 composite?
False
Is 11819 prime?
False
Is 2524107 a composite number?
True
Is 54319 prime?
True
Is 183637 prime?
True
Is 73403 prime?
False
Is 347923 composite?
True
Is 51761 prime?
False
Is 56039 a composite number?
False